625 + s. List the prime factors of v.
263
Let k = 2917 + -2270. What are the prime factors of k?
647
Suppose 3*h - 57442 = -5*x, 0 = 7*h - 10*h + 4*x + 57424. What are the prime factors of h?
2, 2393
Let y(x) = 421*x + 2761. List the prime factors of y(61).
2, 14221
What are the prime factors of (-10)/2 - (-3968)/64?
3, 19
Suppose 3*c - 4*q + 16 = 0, 2*q = -2*q + 16. Suppose -s + 5*z - 77 = 0, c = 4*s + z + 330 - 43. Let g = 112 - s. List the prime factors of g.
2, 23
Let a(s) = 4*s - 12. Let w be a(5). Suppose 19*r = w*r + 3399. List the prime factors of r.
3, 103
List the prime factors of (-8852)/16*-32 - (-1 + 5).
2, 3, 5, 59
Let t(z) = -106*z - 180. Let d = -16 - -4. What are the prime factors of t(d)?
2, 3, 7, 13
Let x(d) = 2*d - 31. Let u be x(15). Let s be u/(-3) - (-7)/84*-16. List the prime factors of (1/2)/(114/112 + s).
2, 7
Let k(i) = -i**2 + 41*i - 104. Let q = -602 - -623. What are the prime factors of k(q)?
2, 79
Let r be 5*(3 + (-3188)/(-20)). Suppose -6*d + r = -2*d. Let c = -126 + d. List the prime factors of c.
7, 11
Let w(a) = 15*a**3 - 4*a**2 + 9*a - 39. List the prime factors of w(4).
19, 47
Suppose 299 + 912 = 7*z. Let d be 5/2*(-1302)/(-35)*1. Let c = z - d. List the prime factors of c.
2, 5
Let k(t) = -t**2 + 25*t + 88. Let u be k(28). What are the prime factors of 155*(-504)/35*u/(-16)?
2, 3, 31
Let t(l) = -13 - 32*l - 7*l**2 - 22*l + 6*l - 4*l**2. Let o(a) = -7*a**2 - 32*a - 9. Let d(i) = 8*o(i) - 5*t(i). List the prime factors of d(-14).
3, 7
Let j = -66 - -72. Suppose -j*l + 15*l - 18 = 0. Suppose -3*w = -4*p + 366, 3*p + w = -l*w + 285. What are the prime factors of p?
3, 31
Suppose -193 = 5*i + 2*p, -10*i + 7*i - 131 = 5*p. List the prime factors of (i - -35)/((-4)/170).
5, 17
Suppose 5*x - 317601 = -15*x - 7*x. List the prime factors of x.
3, 1307
Suppose -12 + 1 = -u. Suppose 5*y - 134 = 3*d, -83 = -5*y + 4*d + 49. Let l = y + u. List the prime factors of l.
3, 13
Let t = 81775 - 53964. List the prime factors of t.
7, 29, 137
Suppose -l + 12 = 2*l. Let y = 18 + -11. Suppose 3*f = 0, 312 = l*w - y*f + 2*f. What are the prime factors of w?
2, 3, 13
Let y = -2602 - -4507. List the prime factors of y.
3, 5, 127
Let h(u) = 30*u - 245. What are the prime factors of h(38)?
5, 179
Let b be (-19)/(-6) - (-2)/(-12). Suppose -6*z + b*z + 5*z = 0. Suppose 2*t + 41 - 161 = z. What are the prime factors of t?
2, 3, 5
Let k(o) = 49*o - 29. Let v be k(22). Suppose v = -9*i - 418. Let y = -77 - i. List the prime factors of y.
2, 43
Let f = 108204 + -63786. List the prime factors of f.
2, 3, 11, 673
Let w(x) = 2265*x - 25. Let s(v) = -453*v + 5. Let g(j) = 11*s(j) + 2*w(j). What are the prime factors of g(-1)?
2, 229
Suppose -17709 - 19151 = -7*p + 3*s, 4*s + 26336 = 5*p. List the prime factors of p.
2, 7, 47
Suppose 3*t - 21*q = -25*q + 40835, -4*t = -2*q - 54454. List the prime factors of t.
13613
Let s = 186 + -15. Let w = 135 + s. What are the prime factors of w?
2, 3, 17
Suppose 10506 + 13654 = 32*i. Suppose -2*g + i = n, -5*g - 3*n + 886 = -1001. What are the prime factors of g?
2, 3, 7
Let w be (-2)/5 + (-5)/((-25)/207). Let p = w + -38. Suppose -p*u = 4*b - 148, b + u = -u + 37. What are the prime factors of b?
37
Let t(c) = c**2 - 12*c - 331. Let h be t(27). Let d = h - -421. What are the prime factors of d?
3, 5, 11
Let f(t) = -t**3 + 8*t**2 + 2*t - 2. Let u be f(6). Suppose h + u = 3*n, n = -2*n - 4*h + 92. What are the prime factors of (-268)/(-7) + -3 + 76/n?
2, 19
Let h = 5395 - 539. What are the prime factors of h?
2, 607
Let j be 2*8/(-20)*-5. Suppose -4*a + w - 342 = 0, -2*w + j = -4*w. Let i = a + 153. List the prime factors of i.
67
Let l be ((-9)/(-2) - 2) + 2/(-4). Suppose 0 = -2*g + 3*a + 771, l*g + 5*a - 1000 + 205 = 0. What are the prime factors of g?
2, 3, 5, 13
Let q(c) = 6*c - 1. Let h(j) = 74*j + 17. Let g(s) = h(s) - 4*q(s). List the prime factors of g(2).
11
Let b(t) = 1 - 6*t + t + 7. Let d be b(1). Let j(h) = 40*h + 4. What are the prime factors of j(d)?
2, 31
Let w = 1276 + 2156. List the prime factors of w.
2, 3, 11, 13
Suppose -27*i + 31*i + 5*l + 8600 = 0, -8600 = 4*i - 2*l. Let x = i + 3784. List the prime factors of x.
2, 19, 43
List the prime factors of ((-474)/(-711))/((-2)/(-52449)).
17483
Let a be (-2)/(-25) - (-4672)/1600. What are the prime factors of 86952/80 - a/(-30)?
1087
Let p(g) = -g**2 - 135*g + 140. List the prime factors of p(-72).
2, 7, 167
Let t(c) = 68*c**2 - 3. Let d be t(2). Let p = d - 145. List the prime factors of p.
2, 31
Let q = -48 + 27. Let u(f) = -27*f + 65. Let j be u(q). Suppose 3*i - j = -14. What are the prime factors of i?
2, 103
Let a(j) = -64*j + 27. Let s(i) = -2. Let q(d) = -a(d) + 3*s(d). List the prime factors of q(3).
3, 53
Suppose 0 = -2620*d + 2631*d - 916553. What are the prime factors of d?
97, 859
Suppose 5*u + 44 = -7*l + 9*l, 3*u = 5*l - 15. What are the prime factors of (78/u - -3)/(10/(-25))?
2, 3
Let n be (-12)/10 + (-1246232)/(-460). Let i = n - 1194. What are the prime factors of i?
2, 757
Suppose -65420 = -15*k + 53425. List the prime factors of k.
3, 19, 139
Let u(o) = o**2 + o - 2. Let j be u(-3). Suppose -112 = j*h + 2*z, 3*h + 48 = h - 5*z. Let i = 64 + h. What are the prime factors of i?
5, 7
Let v(g) = 64*g - 8. Let f be v(7). Suppose 4*q + 168 = -1024. Let c = f + q. List the prime factors of c.
2, 71
Suppose 38640 = -45*x + 50*x. Suppose -n - 23*n = -x. List the prime factors of n.
2, 7, 23
Suppose -2*i - 4*h + 63482 = 0, -66*i + h - 126908 = -70*i. What are the prime factors of i?
3, 5, 47
Suppose -16*w + 1811 = -3693. List the prime factors of w/129*(-1)/(8/(-3618)).
2, 3, 67
Suppose -23951 = -f - 5*g, -3*f = 2*g - 24244 - 47518. List the prime factors of f.
2, 3, 1993
Let q be 4/((-40)/6)*-10. Let c(b) = b**2 - 6*b - 7. Let l be c(q). What are the prime factors of l*(-13)/((-182)/(-132))?
2, 3, 11
Let k be (-1)/(-8) + ((-81)/72)/9. Suppose k*n = 4*n - 1012. What are the prime factors of n?
11, 23
Suppose -w - 4*y + 2407 = -6*y, -5*w = 2*y - 12083. Suppose 121*m = 126*m - w. List the prime factors of m.
3, 7, 23
Suppose 0 = 7*q + 33*q - 120. What are the prime factors of (505 - 4) + -7 + q?
7, 71
Let q = 35417 - 24824. Suppose q + 11901 = 23*x. What are the prime factors of x?
2, 3, 163
Suppose -3 = 5*x + 3*t - 7, 8 = 5*x + t. Let p(w) = 27*w**2 + w - 32*w**x + w**3 + 7 + 2. What are the prime factors of p(8)?
11, 19
What are the prime factors of -2*(30020/40)/(1/(-32))?
2, 19, 79
List the prime factors of (-22)/(-11)*(-25)/10 + 8170.
5, 23, 71
Let a(z) = 338*z**3 - 3*z**2 + 3*z + 11. List the prime factors of a(2).
3, 7, 43
Let t(x) = 217*x**2 - 358*x + 2898. What are the prime factors of t(8)?
2, 6961
Let r be -61 + (0 + 0 - (10 + -6)). List the prime factors of 83/(-3 + r/(-20)).
2, 83
Suppose 57644 = -145573*u + 145574*u. What are the prime factors of u?
2, 14411
Let p(w) = w**2 + 7*w + 27. Let n be (-1)/(-2)*(-8 + 24)/(-2). Let q be (-366)/42 - n/(-14). What are the prime factors of p(q)?
3, 5
Let g(x) = -103*x**2 + 69*x**2 + 12*x - 47 + 35*x**2. What are the prime factors of g(-45)?
2, 719
Let g(d) = d**3 - 26*d**2 - 97*d + 170. What are the prime factors of g(40)?
2, 3, 5, 7, 89
Let z be (-8 + (-5 + 3 - -7))/(-1). List the prime factors of (-12)/60 + 2402/30*z.
2, 3, 5
What are the prime factors of (-70)/63 - 5848675/(-225)?
11, 17, 139
Let y be (-6 + -22644)/6 - -4. Let m = 5613 + y. List the prime factors of m.
2, 3, 307
Let v(s) = s**3 - 126*s**2 - 58*s - 437. List the prime factors of v(127).
2, 23, 181
Suppose 40982 = 2*d - 5*k, 0*d + 3*k = 2*d - 40966. List the prime factors of d.
11, 1861
Let y(v) = -71*v**3 - 2*v**2 - 3*v + 3. Let u be y(2). Let s = u - -1310. Suppose -5*t = -4*c - s, 2*c - 3*c = -4*t + 587. What are the prime factors of t?
3, 7
Let g = -406 - -412. Suppose 24*x - g*x - 5400 = 0. List the prime factors of x.
2, 3, 5
Let i(o) = 60*o**2 - 7*o - 14. Let n be i(-4). Suppose 0 = 4*l + 5*x - n, -2*x - 31 = -35. What are the prime factors of l?
241
Let r(d) = -4*d**3 + 8*d**2 - 7*d - 22. List the prime factors of r(-10).
2, 3, 101
Let t(s) = 2*s**2 - 17*s - 17. Suppose j - 24 = -4*r, 3*j = 6*r - 11*r + 65. List the prime factors of t(j).
443
Suppose -91*x + 75*x = 0. Suppose 3*h - 2765 = -2*y, -4*y +